112?
28
Let f = -46 - -54. What is the greatest common divisor of 40 and f?
8
Let g(f) = -31*f**2 + 1. Let t be g(-1). Let c = t + 78. Calculate the greatest common factor of 8 and c.
8
Let c(t) be the first derivative of t**2/2 + 10*t - 1. Let q be c(-8). Suppose 0 = q*b - 4 - 0. What is the highest common factor of 22 and b?
2
Let u = 397 - 136. Let b = u - 184. Calculate the greatest common factor of b and 7.
7
Let j be (-65)/(-1 + 1 + -1). Calculate the greatest common divisor of j and 13.
13
Let i be (-60)/(-14) - (-16)/(-56). Calculate the highest common divisor of 2 and i.
2
Let d(s) = -s**3 + 15*s**2 - 14*s + 10. Let v be d(14). Calculate the greatest common factor of v and 90.
10
Let x be 2/(-6) + (-52)/(-3). Let b(t) = t**3 - 30*t**2 + 40*t - 132. Let i be b(29). Calculate the greatest common factor of x and i.
17
Let h = 14 + -10. Suppose -2*d - 4*k = -0*k - 96, 0 = -h*k. Calculate the greatest common factor of d and 6.
6
Suppose -4*b - w + 72 = 0, 5*w + 2 = b + 5. Let f be b*2/3*3. Suppose -3*s + 59 = -0*c + 4*c, 28 = 2*s - 3*c. Calculate the greatest common divisor of f and s.
17
Suppose 0 = 3*h - 3*y + 12, 4*h = -h - 4*y - 20. Let z be (18/h)/((-2)/(-12)). Let o be 24*(-3)/(z/6). Calculate the highest common factor of o and 2.
2
Let u(i) = 48*i**2 + 2*i - 2. Let f be u(1). Calculate the highest common factor of 32 and f.
16
Let f = 2 - 4. Let y = f + 4. Suppose -3*n + 95 = -y*n. Calculate the highest common divisor of 38 and n.
19
Let s be (-2517)/(-15) + (-6)/(-30). Calculate the greatest common factor of 21 and s.
21
Let r be 1*(-3)/(-5) + (-22860)/(-150). Let s = -9 - -26. Calculate the greatest common divisor of r and s.
17
Suppose 8*f + 4*f - 36 = 0. What is the greatest common factor of f and 4?
1
Suppose -2 = -5*s + 13. Suppose -w + 0*v + 28 = -5*v, 5*w = -v + 88. Calculate the highest common divisor of s and w.
3
Suppose 3*r + 96 = 7*r. Let k(q) = -q**3 + 2*q + 2. Let w be k(-2). Calculate the greatest common divisor of r and w.
6
Let o(i) = i**2 - i. Let m = 1 - 0. Let x be o(m). Let l be x/(-1) + 46 - 1. Calculate the highest common divisor of 15 and l.
15
Let z = -12 + 8. Let n(g) = -3*g - 1. Let i be n(z). Suppose 0*m + 22 = m. Calculate the highest common divisor of m and i.
11
Let z be 2 + 0 + 591/3. Let f be (-2)/6 - z/(-3). Let m = 18 + -12. Calculate the greatest common factor of m and f.
6
Suppose 4*y = 12 - 8. What is the greatest common factor of 8 and y?
1
Let w(s) = s**2 + 12*s - 20. Let z be w(-14). Suppose -3*y + 5*y = z. What is the greatest common factor of 16 and y?
4
Suppose -7 = -2*d + 5*y, 0 = 5*d - y - 41 - 34. Let o be (1/2)/((-7)/(-70)). Suppose -o*u = -385 - 335. Calculate the greatest common divisor of d and u.
16
Let s = 2 - -34. What is the greatest common divisor of s and 12?
12
Let j be -4*1/2*-4. Calculate the highest common divisor of 32 and j.
8
Let i be (1 - -16)/((-11)/(-55)). Calculate the highest common factor of i and 34.
17
Suppose 0*x - 144 = -4*x. Let m = -66 + 112. Let n = m + -28. Calculate the greatest common divisor of x and n.
18
Let g(h) = 2*h**2 - h - 5. Let a be g(5). Suppose -41 = 2*f + 39. Let y be ((-4)/10)/(2/f). What is the highest common divisor of y and a?
8
Suppose 5*p + 4 = p. Let j be (-10)/((-1)/1 + p). Suppose -j = -0*w - w. What is the highest common factor of w and 40?
5
Let x(g) = -g**2 + 11*g + 2. Let a be x(10). Let f be (-264)/(-9) + 2/3. Calculate the greatest common factor of a and f.
6
Suppose 6 = -9*w + 996. Calculate the greatest common factor of 22 and w.
22
Let w be (15/4)/((-15)/(-200)). What is the highest common divisor of 125 and w?
25
Let a be 2/4*12/3. Let z be 1 + (-16)/(a + -3). Suppose 0 = -3*m + h + 157, 4*m - h - 300 = -92. Calculate the highest common divisor of z and m.
17
Let v = 100 + 47. What is the greatest common factor of v and 21?
21
Suppose 5*f = 3 + 12. Suppose x = -f + 2. Let q be (x + 2)*(-1 - -5). Calculate the highest common divisor of q and 8.
4
Let k = -32 + 46. What is the highest common divisor of 42 and k?
14
Let y = 157 + -52. What is the highest common divisor of y and 15?
15
Let n(o) = -1. Let b(m) = 27*m + 9. Let l(x) = -b(x) - 5*n(x). Let y be l(-3). What is the highest common divisor of y and 11?
11
Let o(i) = -2*i**2 + 36*i - 29. Let b be o(16). Suppose -2*f + 7 - 22 = -w, 3*w - 30 = 3*f. What is the greatest common divisor of b and w?
5
Let k(b) = -b**3 + 5*b**2 + 5*b + 8. Suppose 0 = -4*q + 3*z + 33, -2*q - 5*z = 3*q - 15. Let y be k(q). What is the greatest common factor of y and 2?
2
Let w(j) = 2*j**2 - 1 + 3*j + 3*j**2 - 3*j**2. Let y be w(-3). Suppose 2*d + 144 = 4*d. What is the greatest common divisor of d and y?
8
Let t(d) = -6*d**3 + d**2 + d + 1. Let k = 4 - 2. Suppose -k*c + 4 = -6*c. Let j be t(c). What is the highest common factor of 14 and j?
7
Suppose -8*p + 2 = -7*p. Suppose -992 = -5*v - p*x, 5*v + 5*x + 159 = 1139. Calculate the highest common factor of v and 25.
25
Let m be (-4)/(-6)*42/4. What is the highest common factor of m and 14?
7
Let u(j) be the third derivative of -j**4/24 + 52*j**3/3 - j**2. Let x be u(0). Let o be -1 + 3 + 0 + 11. Calculate the greatest common factor of x and o.
13
Let l(s) = s**3 + 11*s**2 + 12. Let c be l(-11). What is the greatest common divisor of 108 and c?
12
Suppose -75 = -2*r + 3*u, -5*r - u = 4*u - 125. Calculate the highest common divisor of r and 15.
15
Let p be 2308/16 - (-1)/(-4). What is the highest common factor of p and 18?
18
Suppose 0 = -4*b + 59 - 3. Let f be 96 - (1 + 2 + -5). Calculate the highest common divisor of f and b.
14
Suppose 2*h = h + 12. What is the highest common factor of h and 108?
12
Let j = 1 + -1. Let d be j - (2 + -10)*1. Suppose -x + 9 - 1 = 0. What is the highest common divisor of d and x?
8
Let o = 95 - 55. Suppose n - 18 = -u, 3*u = -3*n + 7*n + o. Calculate the greatest common divisor of 32 and u.
16
Let r = 21 + -5. Let h = 82 - r. Calculate the greatest common divisor of 6 and h.
6
Let k be (-6)/(-15) - (-12)/(-5). Let d = 2 - k. Suppose -p - p = -5*q + 216, 0 = p - 2. Calculate the greatest common divisor of q and d.
4
Suppose 3*o - 34 = -f, -2*o + 6 = 6*f - 2*f. Suppose -2*t - h - 151 = -4*t, -5*t - 5*h = -415. Calculate the greatest common divisor of o and t.
13
Let f be 0/2*(7 - 6). Let x(p) = 2*p + 40. Let j be x(f). Calculate the highest common factor of j and 5.
5
Let y(v) = -10*v**2 - 2. Let l be y(2). Let p = -30 - l. What is the highest common factor of p and 132?
12
Suppose 0 = -5*x + 148 - 18. What is the highest common factor of 13 and x?
13
Suppose 3*l - 2*y - 59 = -0*y, 0 = -y - 1. Suppose 3*n = 3, -4*n + l = g - 3*n. Suppose 3*v - v - g = 0. What is the highest common divisor of 3 and v?
3
Let u = -21 - -46. What is the highest common factor of u and 275?
25
Suppose -4 = -3*n + 5. What is the greatest common divisor of n and 1?
1
Let t be (-146)/(-14) - 15/35. Calculate the highest common divisor of 10 and t.
10
Let b = -127 - -415. What is the highest common divisor of b and 36?
36
Let k(y) = -y**3 + 26*y**2 - 48*y + 24. Let w be k(24). Let u = 67 - 31. What is the greatest common divisor of w and u?
12
Let o be (2 - 22/4)*-2. Let t = -76 + 153. Calculate the greatest common divisor of t and o.
7
Let r be 88/(-11)*(1 + (-9)/4). Calculate the greatest common divisor of r and 90.
10
Let v(t) = -18*t + 18. Let l be v(-4). What is the highest common factor of 30 and l?
30
Suppose 50 = 5*x + 4*d + d, -5*x + 5*d = -10. Calculate the greatest common divisor of x and 4.
2
Let r(v) = -2*v - 3 + 3*v + 2. Let a be r(4). What is the highest common factor of 33 and a?
3
Let l be (6/2)/(2/2). Let f(a) = -a**2 + 7*a - 3. Let j be f(l). Calculate the greatest common divisor of j and 9.
9
Let c be 14 + 1 + 2 + -3. Calculate the highest common factor of c and 14.
14
Let g = 128 + -115. Let m = 37 - -41. Suppose -78 = -3*b + m. Calculate the highest common factor of g and b.
13
Suppose -4*j + 9 = -35. Let w(v) = 4*v**2 + 8*v + 3. Let p be w(-6). What is the greatest common divisor of j and p?
11
Suppose -l - 1009 = -3*r, 2*r + 5*l - 1339 = -2*r. Calculate the greatest common factor of 48 and r.
48
Let c(s) = -s - 3*s + 5 - s + 6*s. Let a be c(6). Let m be a + (1 - (2 - 0)). What is the highest common factor of 70 an